{"id":1622,"date":"2024-01-02T14:06:09","date_gmt":"2024-01-02T13:06:09","guid":{"rendered":"https:\/\/conculler.es\/?page_id=1622"},"modified":"2026-01-07T17:27:24","modified_gmt":"2026-01-07T16:27:24","slug":"politicas-de-privacidad","status":"publish","type":"page","link":"https:\/\/conculler.es\/es\/politicas-de-privacidad\/","title":{"rendered":"Pol\u00edtica de privacidad"},"content":{"rendered":"\t\t<div data-elementor-type=\"wp-page\" data-elementor-id=\"1622\" class=\"elementor elementor-1622 elementor-1620\" data-elementor-post-type=\"page\">\n\t\t\t\t<div class=\"elementor-element elementor-element-2a7615c e-flex e-con-boxed e-con e-parent\" data-id=\"2a7615c\" data-element_type=\"container\" data-settings=\"{&quot;content_width&quot;:&quot;boxed&quot;}\" data-core-v316-plus=\"true\">\n\t\t\t\t\t<div class=\"e-con-inner\">\n\t\t<div class=\"elementor-element elementor-element-058d7b6 e-flex e-con-boxed e-con e-child\" data-id=\"058d7b6\" data-element_type=\"container\" data-settings=\"{&quot;content_width&quot;:&quot;boxed&quot;}\">\n\t\t\t\t\t<div class=\"e-con-inner\">\n\t\t<div class=\"elementor-element elementor-element-29b8c00 e-con-full e-flex e-con e-child\" data-id=\"29b8c00\" data-element_type=\"container\" data-settings=\"{&quot;content_width&quot;:&quot;full&quot;}\">\n\t\t\t\t<div class=\"elementor-element elementor-element-026ebe5 elementor-widget__width-auto elementor-widget elementor-widget-heading\" data-id=\"026ebe5\" data-element_type=\"widget\" data-widget_type=\"heading.default\">\n\t\t\t\t<div class=\"elementor-widget-container\">\n\t\t\t<style>\/*! elementor - v3.19.0 - 26-02-2024 *\/\n.elementor-heading-title{padding:0;margin:0;line-height:1}.elementor-widget-heading .elementor-heading-title[class*=elementor-size-]>a{color:inherit;font-size:inherit;line-height:inherit}.elementor-widget-heading .elementor-heading-title.elementor-size-small{font-size:15px}.elementor-widget-heading .elementor-heading-title.elementor-size-medium{font-size:19px}.elementor-widget-heading .elementor-heading-title.elementor-size-large{font-size:29px}.elementor-widget-heading .elementor-heading-title.elementor-size-xl{font-size:39px}.elementor-widget-heading .elementor-heading-title.elementor-size-xxl{font-size:59px}<\/style><h4 class=\"elementor-heading-title elementor-size-default\">Pol\u00edticas de privacidad<\/h4>\t\t<\/div>\n\t\t\t\t<\/div>\n\t\t\t\t<div class=\"elementor-element elementor-element-505c227 elementor-widget elementor-widget-text-editor\" data-id=\"505c227\" data-element_type=\"widget\" data-widget_type=\"text-editor.default\">\n\t\t\t\t<div class=\"elementor-widget-container\">\n\t\t\t<style>\/*! elementor - v3.19.0 - 26-02-2024 *\/\n.elementor-widget-text-editor.elementor-drop-cap-view-stacked .elementor-drop-cap{background-color:#69727d;color:#fff}.elementor-widget-text-editor.elementor-drop-cap-view-framed .elementor-drop-cap{color:#69727d;border:3px solid;background-color:transparent}.elementor-widget-text-editor:not(.elementor-drop-cap-view-default) .elementor-drop-cap{margin-top:8px}.elementor-widget-text-editor:not(.elementor-drop-cap-view-default) .elementor-drop-cap-letter{width:1em;height:1em}.elementor-widget-text-editor .elementor-drop-cap{float:left;text-align:center;line-height:1;font-size:50px}.elementor-widget-text-editor .elementor-drop-cap-letter{display:inline-block}<\/style>\t\t\t\t<section>\n  <h3>Derecho a la informaci\u00f3n<\/h3>\n  <p>\n  De conformidad con lo dispuesto en el Reglamento (UE) 2016\/679 de 27 de abril de 2016 (RGPD), relativo a la protecci\u00f3n de las personas f\u00edsicas en lo que respecta al tratamiento de datos personales y a la libre circulaci\u00f3n de estos datos y la Ley Org\u00e1nica 3\/2018, de 5 de diciembre, de protecci\u00f3n de datos personales y garant\u00eda de los derechos digitales (LOPDGDD), se informa al usuario de la existencia de un tratamiento automatizado de datos personales creado por REICOLMEIRO SL y bajo su responsabilidad con los datos personales que pueda facilitarnos durante su navegaci\u00f3n en nuestro Sitio Web ya sea en el momento de su registro o al enviar un mensaje de correo electr\u00f3nico.\n  <\/p>\n\n  <h3>Responsable del tratamiento de datos<\/h3>\n  <ul>\n    <li><strong>Denominaci\u00f3n social:<\/strong> REICOLMEIRO SL<\/li>\n    <li><strong>Nombre comercial:<\/strong> CON CULLER<\/li>\n    <li><strong>NIF:<\/strong> B67798983<\/li>\n    <li><strong>Domicilio social:<\/strong> RUA NOVA DE ABAIXO 7 BAIXO, 15702 &#8211; SANTIAGO DE COMPOSTELA (A CORU\u00d1A)<\/li>\n    <li><strong>Tel\u00e9fono:<\/strong> 881562539<\/li>\n    <li><strong>Correo electr\u00f3nico para comunicaciones:<\/strong> <a href=\"mailto:reservas@conculler.es\">reservas@conculler.es<\/a><\/li>\n  <\/ul>\n\n  <h3>Finalidad del tratamiento<\/h3>\n  <p>\n  Le informamos que la finalidad del tratamiento de sus datos es la descrita en cada uno de los formularios establecidos en la web en el que nos facilite sus datos.\n  <\/p>\n\n  <h3>Legitimaci\u00f3n<\/h3>\n  <p>\n  Art\u00edculo 6.1.a) del RGPD. El interesado da su consentimiento para el tratamiento de sus datos personales para uno o varios fines espec\u00edficos.\n  <\/p>\n\n  <h3>Conservaci\u00f3n y tratamiento de datos<\/h3>\n  <p>\n  Sus datos se conservar\u00e1n durante el tiempo necesario para atender su solicitud, mientras no manifieste lo contrario ejerciendo su derecho de supresi\u00f3n, o durante el tiempo necesario para cumplir con las obligaciones legales y atender las posibles responsabilidades que se pudieran derivar del cumplimiento de la finalidad para la que fueron recabados los datos.\n  En caso necesario, REICOLMEIRO SL cancelar\u00e1 o rectificar\u00e1 los datos cuando resulten inexactos, incompletos o hayan dejado de ser necesarios para su finalidad, de conformidad con lo previsto en la legislaci\u00f3n vigente en Protecci\u00f3n de Datos de Car\u00e1cter Personal.\n  <\/p>\n  <p>\n  Mientras no nos comunique lo contrario, entenderemos que sus datos no han sido modificados, que usted se compromete a notificarnos cualquier variaci\u00f3n y que tenemos el consentimiento para utilizarlos a fin de poder fidelizar la relaci\u00f3n entre las partes.\n  <\/p>\n  <p>\n  Los datos facilitados no se ceder\u00e1n a terceros salvo en los casos en que exista una obligaci\u00f3n legal.\n  <\/p>\n  <p>\n  REICOLMEIRO SL no elaborar\u00e1 ning\u00fan tipo de \u201cperfil\u201d en base a la informaci\u00f3n facilitada. No se tomar\u00e1n decisiones automatizadas en base a los perfiles.\n  <\/p>\n  <p>\n  De acuerdo con lo establecido en la Ley 34\/2002, de Servicios de la Sociedad de la Informaci\u00f3n y de Comercio Electr\u00f3nico en su art\u00edculo 21, solicitaremos su consentimiento para poder realizar comunicaciones publicitarias que consideremos puedan ser de su inter\u00e9s, por correo electr\u00f3nico o por cualquier otro medio de comunicaci\u00f3n electr\u00f3nica equivalente.\n  <\/p>\n  <p>\n  Usted tiene derecho a oponerse y\/o retirar el consentimiento al tratamiento de los datos indicados anteriormente, en su caso, y en cualquier momento, sin que ello afecte a la licitud del tratamiento basado en el consentimiento previo a su retirada, notific\u00e1ndolo al responsable del tratamiento en la direcci\u00f3n\/es indicadas.\n  <\/p>\n\n  <h3>Medidas t\u00e9cnicas y organizativas<\/h3>\n  <p>\n  REICOLMEIRO SL adopta medidas t\u00e9cnicas, controles y procedimientos de car\u00e1cter f\u00edsico, organizativo y tecnol\u00f3gico, razonablemente fiables y eficaces, dirigidos a preservar la integridad y seguridad de sus datos y garantizar su privacidad. Sin embargo, no asume ninguna responsabilidad por los da\u00f1os y perjuicios derivados de alteraciones que terceros pueden causar en los sistemas inform\u00e1ticos, documentos electr\u00f3nicos o ficheros del usuario.\n  <\/p>\n  <p>\n  Adem\u00e1s, todo el personal con acceso a datos personales ha sido capacitado y es consciente de sus obligaciones en relaci\u00f3n con el tratamiento de datos personales.\n  <\/p>\n  <p>\n  En el caso de los contratos que firmamos con nuestros proveedores, incluimos cl\u00e1usulas en las que se les obliga a mantener el deber de secreto respecto de los datos personales a los que hayan tenido acceso en virtud del encargo realizado, as\u00ed como a implementar las medidas de seguridad t\u00e9cnicas y organizativas necesarias para garantizar la confidencialidad, integridad, disponibilidad y resiliencia permanente de los sistemas y servicios de tratamiento de los datos personales.\n  <\/p>\n  <p>\n  Todas estas medidas de seguridad se revisan peri\u00f3dicamente para garantizar su adecuaci\u00f3n y eficacia.\n  <\/p>\n  <p>\n  Sin embargo, no se puede garantizar la seguridad absoluta y no existe ning\u00fan sistema de seguridad que sea impenetrable, por lo que en el caso de que cualquier informaci\u00f3n procesada y bajo nuestro control se vea comprometida como consecuencia de una brecha de seguridad, tomaremos las medidas adecuadas para investigar el incidente, notificarlo a la Autoridad de Control y, en su caso, a aquellos usuarios que hayan podido verse afectados para que tomen las medidas oportunas.\n  <\/p>\n\n  <h3>Derechos<\/h3>\n  <p>\n  El usuario podr\u00e1 ejercitar los derechos de acceso, rectificaci\u00f3n, supresi\u00f3n, oposici\u00f3n, limitaci\u00f3n del tratamiento, portabilidad de datos y a no ser objeto de decisiones automatizadas individualizadas, en relaci\u00f3n con los datos objeto de tratamiento, ante el responsable del tratamiento en la direcci\u00f3n anteriormente indicada o mediante correo electr\u00f3nico a <a href=\"mailto:reservas@conculler.es\">reservas@conculler.es<\/a> , adjuntando copia de su DNI o documento equivalente.\n  <\/p>\n  <p>\n  En caso de que no haya obtenido satisfacci\u00f3n en el ejercicio de sus derechos, podr\u00e1 presentar una reclamaci\u00f3n ante la Autoridad de Control en materia de Protecci\u00f3n de Datos competente, siendo \u00e9sta la Agencia Espa\u00f1ola de Protecci\u00f3n de Datos, cuyos datos de contacto son accesibles en\n <a href=\"https:\/\/sedeagpd.gob.es\/sede-electronica-web\/vistas\/formNuevaReclamacion\/reclamacion.jsf\" target=\"_blank\" rel=\"noopener noreferrer\">\neste enlace\n<\/a> .\n  <\/p>\n<\/section>\t\t\t\t\t\t<\/div>\n\t\t\t\t<\/div>\n\t\t\t\t<\/div>\n\t\t\t\t\t<\/div>\n\t\t\t\t<\/div>\n\t\t\t\t\t<\/div>\n\t\t\t\t<\/div>\n\t\t\t\t<\/div>\n\t\t","protected":false},"excerpt":{"rendered":"<p>Pol\u00edticas de privacidad Derecho a la informaci\u00f3n De conformidad con lo dispuesto en el Reglamento (UE) 2016\/679 de 27 de abril de 2016 (RGPD), relativo a la protecci\u00f3n de las personas f\u00edsicas en lo que respecta al tratamiento de datos personales y a la libre circulaci\u00f3n de estos datos y la Ley Org\u00e1nica 3\/2018, de [&hellip;]<\/p>\n","protected":false},"author":1,"featured_media":0,"parent":0,"menu_order":0,"comment_status":"closed","ping_status":"closed","template":"","meta":{"footnotes":""},"class_list":["post-1622","page","type-page","status-publish","hentry"],"_links":{"self":[{"href":"https:\/\/conculler.es\/es\/wp-json\/wp\/v2\/pages\/1622","targetHints":{"allow":["GET"]}}],"collection":[{"href":"https:\/\/conculler.es\/es\/wp-json\/wp\/v2\/pages"}],"about":[{"href":"https:\/\/conculler.es\/es\/wp-json\/wp\/v2\/types\/page"}],"author":[{"embeddable":true,"href":"https:\/\/conculler.es\/es\/wp-json\/wp\/v2\/users\/1"}],"replies":[{"embeddable":true,"href":"https:\/\/conculler.es\/es\/wp-json\/wp\/v2\/comments?post=1622"}],"version-history":[{"count":14,"href":"https:\/\/conculler.es\/es\/wp-json\/wp\/v2\/pages\/1622\/revisions"}],"predecessor-version":[{"id":2087,"href":"https:\/\/conculler.es\/es\/wp-json\/wp\/v2\/pages\/1622\/revisions\/2087"}],"wp:attachment":[{"href":"https:\/\/conculler.es\/es\/wp-json\/wp\/v2\/media?parent=1622"}],"curies":[{"name":"wp","href":"https:\/\/api.w.org\/{rel}","templated":true}]}}

Política de privacidad

<div data-elementor-type="wp-page" data-elementor-id="1622" class="elementor elementor-1622 elementor-1620" data-elementor-post-type="page">
				<div class="elementor-element elementor-element-2a7615c e-flex e-con-boxed e-con e-parent" data-id="2a7615c" data-element_type="container" data-settings="{&quot;content_width&quot;:&quot;boxed&quot;}" data-core-v316-plus="true">
					<div class="e-con-inner">
		<div class="elementor-element elementor-element-058d7b6 e-flex e-con-boxed e-con e-child" data-id="058d7b6" data-element_type="container" data-settings="{&quot;content_width&quot;:&quot;boxed&quot;}">
					<div class="e-con-inner">
		<div class="elementor-element elementor-element-29b8c00 e-con-full e-flex e-con e-child" data-id="29b8c00" data-element_type="container" data-settings="{&quot;content_width&quot;:&quot;full&quot;}">
				<div class="elementor-element elementor-element-026ebe5 elementor-widget__width-auto elementor-widget elementor-widget-heading" data-id="026ebe5" data-element_type="widget" data-widget_type="heading.default">
				<div class="elementor-widget-container">
			<style>/*! elementor - v3.19.0 - 26-02-2024 */
.elementor-heading-title{padding:0;margin:0;line-height:1}.elementor-widget-heading .elementor-heading-title[class*=elementor-size-]>a{color:inherit;font-size:inherit;line-height:inherit}.elementor-widget-heading .elementor-heading-title.elementor-size-small{font-size:15px}.elementor-widget-heading .elementor-heading-title.elementor-size-medium{font-size:19px}.elementor-widget-heading .elementor-heading-title.elementor-size-large{font-size:29px}.elementor-widget-heading .elementor-heading-title.elementor-size-xl{font-size:39px}.elementor-widget-heading .elementor-heading-title.elementor-size-xxl{font-size:59px}</style><h4 class="elementor-heading-title elementor-size-default">Políticas de privacidad</h4>		</div>
				</div>
				<div class="elementor-element elementor-element-505c227 elementor-widget elementor-widget-text-editor" data-id="505c227" data-element_type="widget" data-widget_type="text-editor.default">
				<div class="elementor-widget-container">
			<style>/*! elementor - v3.19.0 - 26-02-2024 */
.elementor-widget-text-editor.elementor-drop-cap-view-stacked .elementor-drop-cap{background-color:#69727d;color:#fff}.elementor-widget-text-editor.elementor-drop-cap-view-framed .elementor-drop-cap{color:#69727d;border:3px solid;background-color:transparent}.elementor-widget-text-editor:not(.elementor-drop-cap-view-default) .elementor-drop-cap{margin-top:8px}.elementor-widget-text-editor:not(.elementor-drop-cap-view-default) .elementor-drop-cap-letter{width:1em;height:1em}.elementor-widget-text-editor .elementor-drop-cap{float:left;text-align:center;line-height:1;font-size:50px}.elementor-widget-text-editor .elementor-drop-cap-letter{display:inline-block}</style>				<section>
  <h3>Derecho a la información</h3>
  <p>
  De conformidad con lo dispuesto en el Reglamento (UE) 2016/679 de 27 de abril de 2016 (RGPD), relativo a la protección de las personas físicas en lo que respecta al tratamiento de datos personales y a la libre circulación de estos datos y la Ley Orgánica 3/2018, de 5 de diciembre, de protección de datos personales y garantía de los derechos digitales (LOPDGDD), se informa al usuario de la existencia de un tratamiento automatizado de datos personales creado por REICOLMEIRO SL y bajo su responsabilidad con los datos personales que pueda facilitarnos durante su navegación en nuestro Sitio Web ya sea en el momento de su registro o al enviar un mensaje de correo electrónico.
  </p>

  <h3>Responsable del tratamiento de datos</h3>
  <ul>
    <li><strong>Denominación social:</strong> REICOLMEIRO SL</li>
    <li><strong>Nombre comercial:</strong> CON CULLER</li>
    <li><strong>NIF:</strong> B67798983</li>
    <li><strong>Domicilio social:</strong> RUA NOVA DE ABAIXO 7 BAIXO, 15702 &#8211; SANTIAGO DE COMPOSTELA (A CORUÑA)</li>
    <li><strong>Teléfono:</strong> 881562539</li>
    <li><strong>Correo electrónico para comunicaciones:</strong> <a href="mailto:reservas@conculler.es">reservas@conculler.es</a></li>
  </ul>

  <h3>Finalidad del tratamiento</h3>
  <p>
  Le informamos que la finalidad del tratamiento de sus datos es la descrita en cada uno de los formularios establecidos en la web en el que nos facilite sus datos.
  </p>

  <h3>Legitimación</h3>
  <p>
  Artículo 6.1.a) del RGPD. El interesado da su consentimiento para el tratamiento de sus datos personales para uno o varios fines específicos.
  </p>

  <h3>Conservación y tratamiento de datos</h3>
  <p>
  Sus datos se conservarán durante el tiempo necesario para atender su solicitud, mientras no manifieste lo contrario ejerciendo su derecho de supresión, o durante el tiempo necesario para cumplir con las obligaciones legales y atender las posibles responsabilidades que se pudieran derivar del cumplimiento de la finalidad para la que fueron recabados los datos.
  En caso necesario, REICOLMEIRO SL cancelará o rectificará los datos cuando resulten inexactos, incompletos o hayan dejado de ser necesarios para su finalidad, de conformidad con lo previsto en la legislación vigente en Protección de Datos de Carácter Personal.
  </p>
  <p>
  Mientras no nos comunique lo contrario, entenderemos que sus datos no han sido modificados, que usted se compromete a notificarnos cualquier variación y que tenemos el consentimiento para utilizarlos a fin de poder fidelizar la relación entre las partes.
  </p>
  <p>
  Los datos facilitados no se cederán a terceros salvo en los casos en que exista una obligación legal.
  </p>
  <p>
  REICOLMEIRO SL no elaborará ningún tipo de “perfil” en base a la información facilitada. No se tomarán decisiones automatizadas en base a los perfiles.
  </p>
  <p>
  De acuerdo con lo establecido en la Ley 34/2002, de Servicios de la Sociedad de la Información y de Comercio Electrónico en su artículo 21, solicitaremos su consentimiento para poder realizar comunicaciones publicitarias que consideremos puedan ser de su interés, por correo electrónico o por cualquier otro medio de comunicación electrónica equivalente.
  </p>
  <p>
  Usted tiene derecho a oponerse y/o retirar el consentimiento al tratamiento de los datos indicados anteriormente, en su caso, y en cualquier momento, sin que ello afecte a la licitud del tratamiento basado en el consentimiento previo a su retirada, notificándolo al responsable del tratamiento en la dirección/es indicadas.
  </p>

  <h3>Medidas técnicas y organizativas</h3>
  <p>
  REICOLMEIRO SL adopta medidas técnicas, controles y procedimientos de carácter físico, organizativo y tecnológico, razonablemente fiables y eficaces, dirigidos a preservar la integridad y seguridad de sus datos y garantizar su privacidad. Sin embargo, no asume ninguna responsabilidad por los daños y perjuicios derivados de alteraciones que terceros pueden causar en los sistemas informáticos, documentos electrónicos o ficheros del usuario.
  </p>
  <p>
  Además, todo el personal con acceso a datos personales ha sido capacitado y es consciente de sus obligaciones en relación con el tratamiento de datos personales.
  </p>
  <p>
  En el caso de los contratos que firmamos con nuestros proveedores, incluimos cláusulas en las que se les obliga a mantener el deber de secreto respecto de los datos personales a los que hayan tenido acceso en virtud del encargo realizado, así como a implementar las medidas de seguridad técnicas y organizativas necesarias para garantizar la confidencialidad, integridad, disponibilidad y resiliencia permanente de los sistemas y servicios de tratamiento de los datos personales.
  </p>
  <p>
  Todas estas medidas de seguridad se revisan periódicamente para garantizar su adecuación y eficacia.
  </p>
  <p>
  Sin embargo, no se puede garantizar la seguridad absoluta y no existe ningún sistema de seguridad que sea impenetrable, por lo que en el caso de que cualquier información procesada y bajo nuestro control se vea comprometida como consecuencia de una brecha de seguridad, tomaremos las medidas adecuadas para investigar el incidente, notificarlo a la Autoridad de Control y, en su caso, a aquellos usuarios que hayan podido verse afectados para que tomen las medidas oportunas.
  </p>

  <h3>Derechos</h3>
  <p>
  El usuario podrá ejercitar los derechos de acceso, rectificación, supresión, oposición, limitación del tratamiento, portabilidad de datos y a no ser objeto de decisiones automatizadas individualizadas, en relación con los datos objeto de tratamiento, ante el responsable del tratamiento en la dirección anteriormente indicada o mediante correo electrónico a <a href="mailto:reservas@conculler.es">reservas@conculler.es</a> , adjuntando copia de su DNI o documento equivalente.
  </p>
  <p>
  En caso de que no haya obtenido satisfacción en el ejercicio de sus derechos, podrá presentar una reclamación ante la Autoridad de Control en materia de Protección de Datos competente, siendo ésta la Agencia Española de Protección de Datos, cuyos datos de contacto son accesibles en
 <a href="https://sedeagpd.gob.es/sede-electronica-web/vistas/formNuevaReclamacion/reclamacion.jsf" target="_blank" rel="noopener noreferrer">
este enlace
</a> .
  </p>
</section>						</div>
				</div>
				</div>
					</div>
				</div>
					</div>
				</div>
				</div>

<p>Políticas de privacidad Derecho a la información De conformidad con lo dispuesto en el Reglamento (UE) 2016/679 de 27 de abril de 2016 (RGPD), relativo a la protección de las personas físicas en lo que respecta al tratamiento de datos personales y a la libre circulación de estos datos y la Ley Orgánica 3/2018, de [&hellip;]</p>
